t common factor of 671833 and 193?
193
Calculate the highest common factor of 2679 and 10610673.
141
What is the greatest common divisor of 8881493 and 589?
19
What is the greatest common factor of 62674295 and 2005?
2005
Calculate the greatest common divisor of 357802 and 1333.
31
Calculate the highest common factor of 973215 and 30527.
89
What is the highest common divisor of 1696 and 9368068?
212
What is the highest common factor of 8687 and 1478099?
119
Calculate the greatest common divisor of 495 and 445545.
45
Calculate the highest common divisor of 13893571 and 27372.
2281
What is the highest common divisor of 2550092 and 6806?
166
What is the greatest common divisor of 175 and 4566275?
175
What is the highest common divisor of 2163140280 and 5215?
5215
What is the highest common divisor of 3359649 and 426?
213
Calculate the highest common divisor of 245 and 110917940.
35
Calculate the highest common factor of 866 and 2971679.
433
What is the greatest common factor of 15306134 and 145730?
2242
What is the greatest common factor of 1560 and 38381304?
312
Calculate the greatest common divisor of 20553 and 777257.
221
What is the highest common divisor of 5257232 and 1692?
188
What is the highest common divisor of 298913 and 124639?
1103
What is the highest common divisor of 70865 and 965?
5
Calculate the highest common factor of 10605540 and 1100.
220
Calculate the greatest common factor of 4256 and 52764824.
1064
Calculate the greatest common divisor of 19040 and 33796.
476
What is the greatest common factor of 5729 and 25815211?
337
Calculate the greatest common divisor of 117 and 598833.
9
What is the highest common factor of 52488119 and 163?
163
Calculate the highest common divisor of 74 and 17720003.
37
What is the greatest common factor of 4571 and 17857?
7
Calculate the greatest common divisor of 10395441 and 4396.
1099
What is the highest common divisor of 1480251429 and 162?
81
Calculate the greatest common divisor of 430 and 7544135.
215
What is the highest common factor of 212229919 and 211?
211
What is the greatest common divisor of 204 and 68858772?
204
What is the highest common factor of 1141554 and 47946?
366
What is the highest common divisor of 110425 and 327425?
175
What is the highest common factor of 1156 and 329835122?
578
What is the greatest common divisor of 1634000 and 17888?
688
Calculate the greatest common factor of 3708984 and 1060471.
5329
What is the highest common factor of 324 and 4457886?
6
Calculate the highest common factor of 73374 and 6636.
42
What is the greatest common divisor of 30 and 14030334?
6
Calculate the greatest common divisor of 4536 and 6089958.
378
What is the greatest common divisor of 14506362 and 7332?
3666
What is the highest common divisor of 444181406 and 34?
34
Calculate the highest common factor of 4805 and 5515.
5
Calculate the highest common factor of 10248940 and 1040.
260
What is the highest common divisor of 2096764647 and 393?
393
Calculate the greatest common factor of 98138203 and 61.
61
Calculate the highest common divisor of 6 and 2248122.
6
Calculate the highest common divisor of 130028 and 17304.
4
Calculate the highest common divisor of 40 and 312788736.
8
What is the highest common divisor of 2152007 and 715?
143
What is the highest common divisor of 1 and 96573688?
1
What is the greatest common divisor of 1440 and 71573280?
480
Calculate the highest common divisor of 67 and 34197738.
67
Calculate the highest common divisor of 2083812 and 1734.
6
What is the highest common divisor of 126981712 and 418?
418
Calculate the greatest common factor of 180 and 98514450.
90
What is the greatest common divisor of 793460 and 325564?
1636
Calculate the highest common divisor of 4111762 and 88544.
5534
Calculate the highest common factor of 60 and 71148036.
12
Calculate the highest common divisor of 8096 and 2943776.
352
What is the highest common divisor of 4425 and 46275?
75
Calculate the greatest common divisor of 4675757 and 2175.
29
What is the highest common factor of 1030480 and 335060?
220
What is the highest common factor of 221465 and 10?
5
What is the highest common factor of 183 and 4242977?
61
Calculate the highest common divisor of 2618 and 263802.
154
Calculate the greatest common divisor of 4 and 201814.
2
Calculate the greatest common factor of 185486064 and 192.
48
What is the greatest common divisor of 81570 and 10410?
30
What is the greatest common factor of 31984844 and 59?
59
What is the greatest common factor of 3014270 and 10710?
1190
Calculate the greatest common factor of 10 and 210329890.
10
Calculate the greatest common divisor of 4012 and 25126.
34
What is the greatest common divisor of 14 and 306215266?
14
What is the highest common factor of 690143312 and 8?
8
Calculate the highest common factor of 8551 and 1612433.
17
What is the highest common factor of 2721 and 655127007?
2721
Calculate the highest common divisor of 57816 and 1687176.
5256
Calculate the highest common factor of 930 and 26784.
186
What is the greatest common factor of 40 and 105783144?
8
What is the highest common factor of 108249161 and 1961?
1961
What is the greatest common factor of 176237519 and 8433?
937
What is the greatest common divisor of 803 and 1581184?
11
What is the highest common factor of 447751476 and 1488?
372
What is the greatest common factor of 2095900 and 106900?
100
Calculate the greatest common divisor of 1149975 and 50160.
285
What is the highest common divisor of 10282 and 484102?
106
What is the highest common factor of 71962008 and 36?
12
What is the greatest common divisor of 248 and 105752904?
248
What is the highest common factor of 1729 and 94205306?
247
What is the greatest common divisor of 13928 and 573231214?
3482
Calculate the highest common divisor of 1697857 and 392.
7
Calculate the greatest common divisor of 405 and 3402495.
45
What is the greatest common divisor of 1353 and 5879031?
123
Calculate the highest common divisor of 22784 and 365184.
128
What is the greatest common divisor of 5188040 and 130?
130
What is the highest common factor of 113 and 15873223?
113
Calculate the highest common divisor of 15615146 and 27999.
1037
What is the greatest common factor of 23120 and 34416432?
4624
Calculate the greatest common factor of 2988 and 711393.
249
What is the greatest common divisor of 23713325 and 100?
25
What is the greatest common factor of 61505286 and 447627?
6681
What is the greatest common divisor of 1368156 and 492?
12
What is the highest common factor of 251508719 and 6027?
2009
What is the greatest common divisor of 3157 and 45675476?
3157
What is the highest common factor of 1460175 and 75?
75
Calculate the greatest common factor of 2370960 and 188256.
1776
Calculate the highest common factor of 196 and 80022236.
28
What is the highest common divisor of 3360664 and 931176?
3832
What is the greatest common divisor of 1421321 and 2497?
11
What is the highest common divisor of 76050 and 41088?
6
What is the highest common divisor of 623662 and 11849?
289
Calculate the greatest common divisor of 50255 and 555076526.
10051
What is the greatest common divisor of 246348 and 960301?
2281
Calculate the greatest common divisor of 15925 and 21075.
25
What is the greatest common factor of 867995 and 30?
5
Calculate the greatest common factor of 10327 and 204355.
23
What is the highest common divisor of 1259000 and 8500?
500
What is the highest common factor of 1909371 and 1912?
239
What is the greatest common divisor of 2634669 and 332?
83
Calculate the greatest common divisor of 8144284 and 4.
4
Calculate the highest common divisor of 204 and 5969550.
102
Calculate the greatest common divisor of 3228028 and 2664444.
2516
Calculate the highest common factor of 690 and 4133460.
30
What is the highest common divisor of 1795308 and 4539?
267
Calculate the highest common factor of 370498 and 2952446.
1282
Calculate the greatest common factor of 6183480 and 312.
24
What is the highest common factor of 15007018 and 52?
26
Calculate the highest common factor of 10885940 and 9238.
298
Calculate the greatest common divisor of 2255 and 7255710.
55
Calculate the greatest common divisor of 9813258 and 6318.
702
Calculate the greatest common di